{"id":5845,"date":"2026-01-07T15:13:21","date_gmt":"2026-01-07T15:13:21","guid":{"rendered":"https:\/\/pm-umzuege.de\/?page_id=5845"},"modified":"2026-02-02T12:59:35","modified_gmt":"2026-02-02T12:59:35","slug":"contakt","status":"publish","type":"page","link":"https:\/\/pm-umzuege.de\/index.php\/contakt\/","title":{"rendered":"Kontakt"},"content":{"rendered":"<div class=\"wpb-content-wrapper\"><p>[vc_section css=&#8221;.vc_custom_1768565210723{background-color: var(&#8211;porto-secondary-color) !important;}&#8221; conditional_render=&#8221;%5B%7B%22value_role%22%3A%22administrator%22%7D%5D&#8221; css_params=&#8221;&#8221;][vc_row wrap_container=&#8221;yes&#8221; css=&#8221;.vc_custom_1643077172891{margin-bottom: 9px !important;padding-top: 37px !important;}&#8221; el_class=&#8221;contact-info-section p-b-xxl&#8221;][vc_column width=&#8221;1\/3&#8243; animation_delay=&#8221;100&#8243; animation_type=&#8221;fadeIn&#8221; el_class=&#8221;m-b-xl&#8221;]<div class=\"porto-u-heading mb-3  wpb_custom_782e3abda14742f3e2dd6ef59fb84272 porto-u-ad87e2eaf3f9c495180fe0156ddf3eb0 \"><div class=\"porto-u-main-heading\"><h2   style=\"color:#ffffff;\">Kontakt<\/h2><\/div><style>.porto-u-ad87e2eaf3f9c495180fe0156ddf3eb0.porto-u-heading{text-align:left}<\/style><\/div><div class=\"porto-sicon-box align-items-start  wpb_custom_4ffe745ec081ef67ad397c5e543c09de style_1 default-icon\"><div class=\"porto-sicon-default\"><div class=\"porto-just-icon-wrapper porto-icon circle\" style=\"color:var(--porto-secondary-color);background:var(--porto-light-color);font-size:14px;margin-right:12px;\"><i class=\"porto-icon-map-location\"><\/i><\/div><\/div><div class=\"porto-sicon-header\"><h3 class=\"porto-sicon-title\" style=\"margin-bottom:0px;\">Darumer Stra\u00dfe 10B<\/h3><p style=\"color:var(--porto-primary-light-5);\">49086 Osnabr\u00fcck<\/p><\/div> <!-- header --><\/div><!-- porto-sicon-box --><a aria-label=\"0152 051 21 367\" class=\"porto-sicon-box-link\" href=\"tel:015205121367\"><div class=\"porto-sicon-box align-items-start  wpb_custom_4ffe745ec081ef67ad397c5e543c09de style_1 default-icon\"><div class=\"porto-sicon-default\"><div class=\"porto-just-icon-wrapper porto-icon circle\" style=\"color:var(--porto-secondary-color);background:var(--porto-light-color);font-size:14px;margin-right:12px;\"><i class=\"porto-icon-phone\"><\/i><\/div><\/div><div class=\"porto-sicon-header\"><h3 class=\"porto-sicon-title\" style=\"margin-bottom:0px;\">0152 051 21 367<\/h3><p style=\"color:var(--porto-primary-light-5);\">Jetzt anrufen:<\/p><\/div> <!-- header --><\/div><!-- porto-sicon-box --><\/a><div class=\"porto-sicon-box align-items-start  wpb_custom_4ffe745ec081ef67ad397c5e543c09de style_1 default-icon\"><div class=\"porto-sicon-default\"><div class=\"porto-just-icon-wrapper porto-icon circle\" style=\"color:var(--porto-secondary-color);background:var(--porto-light-color);font-size:14px;margin-right:12px;\"><i class=\"porto-icon-mail\"><\/i><\/div><\/div><div class=\"porto-sicon-header\"><h3 class=\"porto-sicon-title\" style=\"margin-bottom:0px;\">info@pm-umzuege.de<\/h3><p style=\"color:var(--porto-primary-light-5);\">E-Mail senden:<\/p><\/div> <!-- header --><\/div><!-- porto-sicon-box -->[\/vc_column][vc_column width=&#8221;1\/3&#8243; animation_delay=&#8221;500&#8243; animation_type=&#8221;fadeIn&#8221; el_class=&#8221;m-b-xl&#8221;]<div class=\"porto-u-heading mb-3  wpb_custom_f8ec15ad64107acb289e45c54cfaff48 porto-u-ad87e2eaf3f9c495180fe0156ddf3eb0 \"><div class=\"porto-u-main-heading\"><h2   style=\"color:#ffffff;\">\u00d6ffnungszeiten<\/h2><\/div><style>.porto-u-ad87e2eaf3f9c495180fe0156ddf3eb0.porto-u-heading{text-align:left}<\/style><\/div><div class=\"porto-sicon-box align-items-start  wpb_custom_a9904ef5539a132fab8b2b9a252f0ae2 style_1 default-icon flex-wrap\"><div class=\"porto-sicon-default\"><div class=\"porto-just-icon-wrapper porto-icon circle\" style=\"color:var(--porto-secondary-color);background:var(--porto-light-color);font-size:14px;margin-right:12px;\"><i class=\"porto-icon-clock-1\"><\/i><\/div><\/div><div class=\"porto-sicon-header\"><h3 class=\"porto-sicon-title\" style=\"margin-bottom:0px;\">Montag \u2013 Samstag: 08:30 \u2013 17:30<\/h3><p style=\"color:var(--porto-primary-light-5);\">Sonntag: geschlossen<\/p><\/div> <!-- header --><div class=\"porto-sicon-description\" style=\"color:var(--porto-primary-light-5);\">Au\u00dferhalb dieser Zeiten k\u00f6nnen Sie uns eine Nachricht hinterlassen \u2013 wir melden uns am n\u00e4chsten Werktag.<\/div> <!-- description --><\/div><!-- porto-sicon-box -->[porto_hb_social is_full=&#8221;yes&#8221; icon_color=&#8221;var(&#8211;porto-primary-color)&#8221; icon_color_bg=&#8221;var(&#8211;porto-primary-color)&#8221; box_shadow=&#8221;horizontal:px|vertical:px|blur:px|spread:px|&#8221; css_params=&#8221;&#8221; icon_size=&#8221;12.8px&#8221;][\/vc_column][vc_column width=&#8221;1\/3&#8243; animation_delay=&#8221;900&#8243; animation_type=&#8221;fadeIn&#8221; el_class=&#8221;m-b-xl&#8221;]<div class=\"porto-u-heading mb-3  wpb_custom_f8ec15ad64107acb289e45c54cfaff48 porto-u-ad87e2eaf3f9c495180fe0156ddf3eb0 \"><div class=\"porto-u-main-heading\"><h2   style=\"color:#ffffff;\">Unsere Leistungen<\/h2><\/div><style>.porto-u-ad87e2eaf3f9c495180fe0156ddf3eb0.porto-u-heading{text-align:left}<\/style><\/div><div class=\"porto-sicon-box align-items-start  wpb_custom_6b3d58d9b03a2ad0c271e6bf110c720d style_1 default-icon flex-wrap\"><div class=\"porto-sicon-description\" style=\"color:var(--porto-primary-light-5);\">Wir k\u00fcmmern uns professionell um alles \u2013 von Anfang bis Ende: Vom Packservice \u00fcber die sorgf\u00e4ltige Verpackung Ihrer M\u00f6bel bis hin zu professioneller K\u00fcchen- und M\u00f6belmontage, Lampenmontagen sowie Entr\u00fcmpelungen und Sperrm\u00fcllentsorgung.<\/p>\n<p>Kontaktieren Sie uns f\u00fcr ein unverbindliches Angebot und erleben Sie einen stressfreien Traumumzug!<\/div> <!-- description --><\/div><!-- porto-sicon-box -->[\/vc_column][\/vc_row][\/vc_section][vc_row wrap_container=&#8221;yes&#8221; el_class=&#8221;my-1 py-5 bg-top-right&#8221; css=&#8221;.vc_custom_1593075657165{background-image: url(\/\/sw-themes.com\/porto_dummy\/wp-content\/uploads\/2020\/06\/dots-background-4.png?id=354) !important;background-position: 0 0 !important;background-repeat: no-repeat !important;}&#8221;][vc_column el_class=&#8221;mt-3&#8243;]<div class=\"porto-animation overflow-hidden mb-4\" >[vc_custom_heading text=&#8221;Kontaktformular&#8221; font_container=&#8221;tag:h2|font_size:2.3em|text_align:center|line_height:1.2&#8243; use_theme_fonts=&#8221;yes&#8221; animation_delay=&#8221;500&#8243; el_class=&#8221;mb-0&#8243; animation_type=&#8221;maskUp&#8221; css_params=&#8221;&#8221;]<\/div>[vc_custom_heading text=&#8221;Wir beraten Sie pers\u00f6nlich und begleiten Ihren Umzug zuverl\u00e4ssig \u2013 von der ersten Planung bis zum letzten Handgriff.&#8221; font_container=&#8221;tag:p|font_size:1.1em|text_align:center&#8221; use_theme_fonts=&#8221;yes&#8221; animation_delay=&#8221;700&#8243; el_class=&#8221;mb-5&#8243; animation_type=&#8221;fadeInUp&#8221; css_params=&#8221;&#8221;]<div class=\"porto-animation mb-4\"  data-appear-animation=\"fadeInUp\" data-appear-animation-delay=\"900\"><div class=\"wpb_custom_61f31c97cfd490ae7836eed2bcad74fb home-contact\">\n<div class=\"wpcf7 no-js\" id=\"wpcf7-f1840-o1\" lang=\"en-US\" dir=\"ltr\" data-wpcf7-id=\"1840\">\n<div class=\"screen-reader-response\"><p role=\"status\" aria-live=\"polite\" aria-atomic=\"true\"><\/p> <ul><\/ul><\/div>\n<form action=\"\/index.php\/wp-json\/wp\/v2\/pages\/5845#wpcf7-f1840-o1\" method=\"post\" class=\"wpcf7-form init\" aria-label=\"Contact form\" novalidate=\"novalidate\" data-status=\"init\">\n<fieldset class=\"hidden-fields-container\"><input type=\"hidden\" name=\"_wpcf7\" value=\"1840\" \/><input type=\"hidden\" name=\"_wpcf7_version\" value=\"6.1.2\" \/><input type=\"hidden\" name=\"_wpcf7_locale\" value=\"en_US\" \/><input type=\"hidden\" name=\"_wpcf7_unit_tag\" value=\"wpcf7-f1840-o1\" \/><input type=\"hidden\" name=\"_wpcf7_container_post\" value=\"0\" \/><input type=\"hidden\" name=\"_wpcf7_posted_data_hash\" value=\"\" \/>\n<\/fieldset>\n<div class=\"row\">\n    <div class=\"form-group col-lg-6\">\n        <label class=\"form-label\">Name *<\/label>\n        <span class=\"wpcf7-form-control-wrap\" data-name=\"text-804\"><input size=\"40\" maxlength=\"400\" class=\"wpcf7-form-control wpcf7-text wpcf7-validates-as-required\" aria-required=\"true\" aria-invalid=\"false\" placeholder=\"Name eingeben\" value=\"\" type=\"text\" name=\"text-804\" \/><\/span>\n    <\/div>\n    <div class=\"form-group col-lg-6\">\n        <label class=\"form-label\">E-Mail-Adresse<\/label>\n        <span class=\"wpcf7-form-control-wrap\" data-name=\"email-554\"><input size=\"40\" maxlength=\"400\" class=\"wpcf7-form-control wpcf7-email wpcf7-validates-as-required wpcf7-text wpcf7-validates-as-email\" aria-required=\"true\" aria-invalid=\"false\" placeholder=\"E-Mail eingeben\" value=\"\" type=\"email\" name=\"email-554\" \/><\/span>\n    <\/div>\n<\/div>\n\n<div class=\"row\">\n    <div class=\"form-group col-lg-6\">\n        <label class=\"form-label\">Telefonnummer *<\/label>\n        <span class=\"wpcf7-form-control-wrap\" data-name=\"tel-397\"><input size=\"40\" maxlength=\"400\" class=\"wpcf7-form-control wpcf7-tel wpcf7-validates-as-required wpcf7-text wpcf7-validates-as-tel\" aria-required=\"true\" aria-invalid=\"false\" placeholder=\"Telefonnummer\" value=\"\" type=\"tel\" name=\"tel-397\" \/><\/span>\n    <\/div>\n    <div class=\"form-group col-lg-6\">\n        <label class=\"form-label\">Firmenname<\/label>\n        <span class=\"wpcf7-form-control-wrap\" data-name=\"text-603\"><input size=\"40\" maxlength=\"400\" class=\"wpcf7-form-control wpcf7-text\" aria-invalid=\"false\" placeholder=\"Firmenname (optional)\" value=\"\" type=\"text\" name=\"text-603\" \/><\/span>\n    <\/div>\n<\/div>\n\n<div class=\"row\">\n    <div class=\"form-group col-lg-6\">\n        <label class=\"form-label\">Umzug von (Ort \/ PLZ)<\/label>\n        <span class=\"wpcf7-form-control-wrap\" data-name=\"text-701\"><input size=\"40\" maxlength=\"400\" class=\"wpcf7-form-control wpcf7-text wpcf7-validates-as-required\" aria-required=\"true\" aria-invalid=\"false\" placeholder=\"z. B. 49074 Osnabr\u00fcck\" value=\"\" type=\"text\" name=\"text-701\" \/><\/span>\n    <\/div>\n    <div class=\"form-group col-lg-6\">\n        <label class=\"form-label\">Umzug nach (Ort \/ PLZ)<\/label>\n        <span class=\"wpcf7-form-control-wrap\" data-name=\"text-702\"><input size=\"40\" maxlength=\"400\" class=\"wpcf7-form-control wpcf7-text wpcf7-validates-as-required\" aria-required=\"true\" aria-invalid=\"false\" placeholder=\"z. B. 10115 Berlin\" value=\"\" type=\"text\" name=\"text-702\" \/><\/span>\n    <\/div>\n<\/div>\n\n<div class=\"row\">\n    <div class=\"form-group col-lg-6\">\n        <label class=\"form-label\">Art des Umzugs<\/label>\n        <span class=\"wpcf7-form-control-wrap\" data-name=\"text-694\"><input size=\"40\" maxlength=\"400\" class=\"wpcf7-form-control wpcf7-text wpcf7-validates-as-required\" aria-required=\"true\" aria-invalid=\"false\" placeholder=\"z. B. Privatumzug\" value=\"\" type=\"text\" name=\"text-694\" \/><\/span>\n    <\/div>\n    <div class=\"form-group col-lg-6\">\n        <label class=\"form-label\">Umfang \/ Budget<\/label>\n        <span class=\"wpcf7-form-control-wrap\" data-name=\"text-133\"><input size=\"40\" maxlength=\"400\" class=\"wpcf7-form-control wpcf7-text wpcf7-validates-as-required\" aria-required=\"true\" aria-invalid=\"false\" placeholder=\"kurze Angabe\" value=\"\" type=\"text\" name=\"text-133\" \/><\/span>\n    <\/div>\n<\/div>\n\n<div class=\"row\">\n    <div class=\"form-group col-lg-12\">\n        <label class=\"form-label\">Zus\u00e4tzliche Informationen<\/label>\n        <span class=\"wpcf7-form-control-wrap\" data-name=\"textarea-890\"><textarea cols=\"40\" rows=\"10\" maxlength=\"2000\" class=\"wpcf7-form-control wpcf7-textarea\" aria-invalid=\"false\" placeholder=\"Nachricht\" name=\"textarea-890\"><\/textarea><\/span>\n    <\/div>\n<\/div>\n\n<button class=\"btn btn-hover-text-effect hover-text-switch-up\" type=\"submit\">\n    <span class=\"btn-text\" data-text=\"Anfrage senden\">Anfrage senden<\/span>\n    <i class=\"fas fa-arrow-right\" style=\"margin-left: 1.45rem;\"><\/i>\n<\/button><div class=\"wpcf7-response-output\" aria-hidden=\"true\"><\/div>\n<\/form>\n<\/div>\n<\/div>[vc_column_text css=&#8221;.vc_custom_1770029980127{padding-top: 20px !important;}&#8221; css_params=&#8221;&#8221;]* Mit dem Absenden des Kontaktformulars stimmen Sie den <a href=\"https:\/\/pm-umzuege.de\/wp-content\/uploads\/2026\/02\/Datenschutzerkl-rung-.pdf\" target=\"_blank\" rel=\"noopener\">Datenschutzbestimmungen<\/a> zu.[\/vc_column_text]<\/div>[\/vc_column][\/vc_row]<\/p>\n<\/div>","protected":false},"excerpt":{"rendered":"<p>[vc_section css=&#8221;.vc_custom_1768565210723{background-color: var(&#8211;porto-secondary-color) !important;}&#8221; conditional_render=&#8221;%5B%7B%22value_role%22%3A%22administrator%22%7D%5D&#8221; css_params=&#8221;&#8221;][vc_row wrap_container=&#8221;yes&#8221; css=&#8221;.vc_custom_1643077172891{margin-bottom: 9px !important;padding-top: 37px !important;}&#8221; el_class=&#8221;contact-info-section p-b-xxl&#8221;][vc_column width=&#8221;1\/3&#8243; animation_delay=&#8221;100&#8243; animation_type=&#8221;fadeIn&#8221; el_class=&#8221;m-b-xl&#8221;][\/vc_column][vc_column width=&#8221;1\/3&#8243; animation_delay=&#8221;500&#8243; animation_type=&#8221;fadeIn&#8221; el_class=&#8221;m-b-xl&#8221;][porto_hb_social is_full=&#8221;yes&#8221; icon_color=&#8221;var(&#8211;porto-primary-color)&#8221; icon_color_bg=&#8221;var(&#8211;porto-primary-color)&#8221; box_shadow=&#8221;horizontal:px|vertical:px|blur:px|spread:px|&#8221; css_params=&#8221;&#8221; icon_size=&#8221;12.8px&#8221;][\/vc_column][vc_column width=&#8221;1\/3&#8243; animation_delay=&#8221;900&#8243; animation_type=&#8221;fadeIn&#8221; el_class=&#8221;m-b-xl&#8221;][\/vc_column][\/vc_row][\/vc_section][vc_row wrap_container=&#8221;yes&#8221; el_class=&#8221;my-1 py-5 bg-top-right&#8221; css=&#8221;.vc_custom_1593075657165{background-image: url(\/\/sw-themes.com\/porto_dummy\/wp-content\/uploads\/2020\/06\/dots-background-4.png?id=354) !important;background-position: 0 0 !important;background-repeat: no-repeat !important;}&#8221;][vc_column el_class=&#8221;mt-3&#8243;][vc_custom_heading text=&#8221;Wir beraten Sie pers\u00f6nlich und begleiten Ihren Umzug zuverl\u00e4ssig \u2013 [&hellip;]<\/p>\n","protected":false},"author":1,"featured_media":7,"parent":0,"menu_order":0,"comment_status":"closed","ping_status":"closed","template":"","meta":{"_acf_changed":false,"footnotes":""},"class_list":["post-5845","page","type-page","status-publish","has-post-thumbnail","hentry"],"acf":[],"_links":{"self":[{"href":"https:\/\/pm-umzuege.de\/index.php\/wp-json\/wp\/v2\/pages\/5845","targetHints":{"allow":["GET"]}}],"collection":[{"href":"https:\/\/pm-umzuege.de\/index.php\/wp-json\/wp\/v2\/pages"}],"about":[{"href":"https:\/\/pm-umzuege.de\/index.php\/wp-json\/wp\/v2\/types\/page"}],"author":[{"embeddable":true,"href":"https:\/\/pm-umzuege.de\/index.php\/wp-json\/wp\/v2\/users\/1"}],"replies":[{"embeddable":true,"href":"https:\/\/pm-umzuege.de\/index.php\/wp-json\/wp\/v2\/comments?post=5845"}],"version-history":[{"count":23,"href":"https:\/\/pm-umzuege.de\/index.php\/wp-json\/wp\/v2\/pages\/5845\/revisions"}],"predecessor-version":[{"id":6032,"href":"https:\/\/pm-umzuege.de\/index.php\/wp-json\/wp\/v2\/pages\/5845\/revisions\/6032"}],"wp:featuredmedia":[{"embeddable":true,"href":"https:\/\/pm-umzuege.de\/index.php\/wp-json\/wp\/v2\/media\/7"}],"wp:attachment":[{"href":"https:\/\/pm-umzuege.de\/index.php\/wp-json\/wp\/v2\/media?parent=5845"}],"curies":[{"name":"wp","href":"https:\/\/api.w.org\/{rel}","templated":true}]}}